et i(f) = f**2 - 4*f + 6. Let q = -78 + 80. Let t be i(q). Let w(v) = 2*v - 1. Give w(t).
3
Let l(t) = -t**2 - t - 1. Suppose 0 = 10*i - 9*i + 1. Let q be 6/(-4)*4/6. Let m = q + i. Give l(m).
-3
Let j(d) be the third derivative of d**6/15 - d**5/60 + d**4/12 - d**3/6 - 677*d**2. Let p(x) = -x**2 - 8*x - 6. Let m be p(-7). Give j(m).
8
Let n be (21 + -22)/(4/(-20)). Let o(w) be the third derivative of -w**5/60 + w**4/6 + w**3 + 4*w**2. Determine o(n).
1
Let j(u) = 11*u**3 + 16*u**2 + 5*u + 5. Let i(m) = -5*m**3 - 8*m**2 - 2*m - 3. Let h(d) = -9*i(d) - 4*j(d). Calculate h(-9).
-56
Let y be (-18)/(-1 - 2)*-6. Let s be (-8)/y - 806/(-18). Let v(i) = -4*i + 36 + 2*i - s. Determine v(-6).
3
Suppose -5*u + 3*r - 1 = 0, -5*u + 4*r - 3 = -0. Suppose -15 + 1 = -2*b. Let a(k) = 4*k + k**2 - b*k**2 - 3*k. Give a(u).
-5
Let y(l) = -6*l - 32 + 2*l + l**2 + 41 - 2*l - 2*l. Determine y(7).
2
Suppose 2*l = -5*u + 34, 5*u - 20 = -5*l + 20. Let w(c) = -c + 2. Let x(j) = -2*j + 10. Let s(i) = u*w(i) - 2*x(i). Determine s(-8).
8
Let x(u) = 5*u + 12. Let j(i) = -i - 1. Let o(v) = -6*j(v) - x(v). Let n be 7/(-112)*4 + (-2)/(-8). Suppose -f - r + 8 = n, 13 + 13 = 3*f + 4*r. Determine o(f).
0
Suppose -3*d = -6, -3*h - 3*d + 0 = -6. Suppose k = 4*k - 6. Let r(y) = -3*y**2 + 3*y**2 - 7 + 2*y**k - y**2. Determine r(h).
-7
Let a(u) = -u**2 - 12*u - 5. Let l be a(-12). Suppose 3*g - 4 - 2 = 0. Let b(r) = 1 - 4*r**2 - 4*r + 4*r**2 + 5 - r**g. Calculate b(l).
1
Suppose -4 = -j + 14. Suppose 13*a = j*a - 15. Let i(p) = 1. Let n(k) = -k - 8. Let x(v) = a*i(v) + n(v). Calculate x(5).
-10
Let d(x) = -x**3 + 5*x**2 - 5*x + 2. Let i = -21 + 38. Let w = i + -14. Give d(w).
5
Let z(j) = 10*j**2 - 46*j - 9. Let u be z(5). Let c(n) = -n**3 + 11*n**2 - 5. Determine c(u).
-5
Let t be -5*2/(20/(-6)). Suppose 6 = 2*i - 4. Let b(z) = z**2 - i*z - 8 + t*z + z. Determine b(0).
-8
Let k(y) = y**2 + 9*y + 24. Let o be k(-4). Let s(l) = 7*l - 2. What is s(o)?
26
Suppose f - 6 = -5*m, 0*f + 4*f = -2*m - 30. Let c(t) = 4*t + 40. Calculate c(f).
4
Let z(t) be the third derivative of t**4/12 - 2*t**2. Suppose 4*k - 15 = 5. Suppose 4*a = k*p, 2*p - 2*a = -7*a + 33. Give z(p).
8
Let j(g) be the second derivative of g**4/12 + g**3/3 + 3*g**2/2 + 2*g + 42. Calculate j(-2).
3
Suppose -23*h + 32 = -15*h. Let s(u) be the first derivative of -u**4/4 + u**3 + u**2/2 + 3*u - 1. Determine s(h).
-9
Let t = -31 - -52. Suppose 0 = 3*u + 3*q + t, 3*q + 14 - 1 = u. Let y(g) = -10*g + 1. Give y(u).
21
Let d(x) be the first derivative of x**3/3 - 5*x**2/2 - 4*x + 3. Suppose 0*g - 2 = -2*g. Suppose -3*c - g = -19. Give d(c).
2
Let r(m) = -m**2 + 6*m - 5. Let w be r(5). Let a(f) = -7 - 93*f**2 - 99*f**2 + 193*f**2 - f. Give a(w).
-7
Let p(o) = 1. Let i(q) = -q**2 + 4*q + 13. Let d(h) = i(h) - 3*p(h). Give d(7).
-11
Let f(g) = -5 + g**2 + 0 + 8 + 5 + 4 + 14*g. Give f(-12).
-12
Let s(g) = 7*g - 20*g - 8 + 4. Let b(k) = k. Let t(z) = -4*b(z) - s(z). Determine t(-3).
-23
Let b(k) be the second derivative of -k**5/40 + k**4/24 - 23*k**3/6 - 14*k. Let v(z) be the second derivative of b(z). What is v(-4)?
13
Suppose 5*a = 15, -7 = 4*q + q - 4*a. Let x(i) = i - i + i - q - 3*i. Determine x(5).
-11
Let l(x) = -x + 6. Suppose 4*g - 14 = 6. Let c(s) = 2. Let t(j) = g*c(j) - 2*l(j). Let q = -40 - -44. What is t(q)?
6
Let b(i) = 7*i**2 - 12*i + 32. Let p(k) = -6*k**2 + 11*k - 28. Let x(v) = 5*b(v) + 6*p(v). Calculate x(5).
-3
Let l(d) = d + 1. Let z(n) = -n - 24. Let v(p) = -p - 12. Let j(t) = -5*v(t) + 3*z(t). Let a be j(5). Let b be 1/(-1 - a)*5. Determine l(b).
6
Let k(v) = 3*v**2 - 7*v - 3. Let s(c) = 4*c**2 - 7*c - 2. Let w(h) = 5*k(h) - 4*s(h). What is w(-6)?
-1
Let n(y) = 2*y + 0 + 0 + 2. Suppose 0 = -2*u - z - 3, -2*u - 5*z - 18 = -z. Let b be (u - 2)*1 - (23 - 20). What is n(b)?
-6
Suppose 0 = -5*z + 2*z - 2*z. Let o(k) = 2*k - 271*k**2 + z*k - 1 - k - k**3 + 269*k**2. What is o(-2)?
-3
Suppose -8 = -t - 1. Let k be ((-2)/5)/(2/(-60)). Let x = k - t. Let y(v) = -v**2 + 5*v - 5. Give y(x).
-5
Let s(b) be the second derivative of -5*b**4/12 + 13*b**3/6 - b**2/2 + 11*b. Let r be s(3). Let u(v) = v**3 + 7*v**2 + v + 1. Give u(r).
-6
Let s(w) = 7*w - 22. Let j(d) = 3*d - 10. Let y(g) = -9*j(g) + 4*s(g). What is y(-5)?
-3
Let z be (-2 - -13)/(8/(-8 - 0)). Let k(v) = -v - 20. What is k(z)?
-9
Let n(h) = 57*h - 116*h + 60*h. Let z(v) = -3*v + 8. Let t(k) = 2*n(k) + z(k). Let b(i) = -2*i - 7. Let l be b(-6). Give t(l).
3
Let v(i) = i**3 + 4*i**2 - 5*i + 2. Let r be (-2)/11 - (4 - (-360)/(-44)). Let k be 15/(-2)*r/6. Calculate v(k).
2
Let m(l) be the first derivative of -l**4/24 + l**3/6 + 9*l**2 - 11. Let c(n) be the second derivative of m(n). Suppose -1 - 17 = -3*x. Determine c(x).
-5
Let v(m) = -17*m**2 - 5*m - 4. Let i(x) = -24*x**2 - 3*x - 7 - 6*x + 0*x - 9*x**2. Let p(c) = -3*i(c) + 5*v(c). Determine p(-1).
13
Let p(q) = -q**2 + q + 1. Let o(w) = 7*w**2 - 9*w - 9. Let a(b) = -o(b) - 6*p(b). Let t be -5*2/6*30/5. Let g(f) = -f - 7. Let s be g(t). What is a(s)?
3
Suppose -f + 11 - 5 = 0. Suppose -f*a + 1 - 61 = 0. Let r(y) = 2*y + 13. Give r(a).
-7
Let a(k) = -k**2 + 2*k - 17. Let i(s) = -2*s + 5. Let j(w) = -a(w) - 6*i(w). Determine j(-10).
-13
Let j(g) = 4*g**2 + 17 - 20*g - 5*g**2 + 24*g + 0*g**2. Calculate j(7).
-4
Suppose 12*n - 48 = 72. Let r(x) = x**3 - 11*x**2 + 10*x - 5. Calculate r(n).
-5
Let d(h) = 195*h**2 - 194*h**2 - 9*h + 3*h - 7. Determine d(-3).
20
Let i(s) = 6*s**2 - 5*s - 7. Let u(o) = o**2 - o - 1. Let m(w) = i(w) - 5*u(w). Let g = -30 - -27. Let b be 1*(0 - 0)*(-2 - g). Determine m(b).
-2
Let d = -137 + 126. Let h(i) = i**2 + 12*i + 3. Determine h(d).
-8
Suppose 28*k + 1 - 1 = 0. Let p(q) = q**2 + 2*q + 10. Determine p(k).
10
Let n(z) = -3*z**2 + z + 3. Let m(b) = -2*b**2. Let q(f) = 2*m(f) - n(f). Determine q(-5).
-23
Suppose -4*h = -60 + 4. Let g(f) = -f + 10. Let x be g(h). Let k be 18*(-2)/x - 3. Let d(b) = b**3 - 5*b**2 - 6*b - 7. Calculate d(k).
-7
Let o(r) = 10*r + 14*r**2 - 16*r**2 - r**2. Give o(3).
3
Let w(q) = q + q**3 + 4 - 2 - 2*q. Let n = -138 + 150. Let g be ((-42)/(-126))/(1 + (-10)/n). Give w(g).
8
Let m(p) be the third derivative of -p**4/12 + 11*p**3/3 + 368*p**2 - p. Determine m(15).
-8
Let l = 98 - 94. Suppose 3*c + 9 - 3 = -l*u, -3*c = 2*u. Let b(r) = 3*r**3 - 2*r**2 + 3*r. Give b(c).
22
Let f(h) = -1 + 2*h**2 + 284*h - 292*h - 3*h**2. What is f(-10)?
-21
Let w(b) = 13*b - 92. Let a(m) = 9*m - 61. Let i(s) = -7*a(s) + 5*w(s). Give i(17).
1
Let s = 1 + -2. Let p = -10 - -30. Let z(o) = -p + o + 7 + 8 + 4. Give z(s).
-2
Let s(v) = -5*v**2 + 2*v**2 + 6*v**3 - 3*v**3 - 3 - 3*v - 2*v**3. Determine s(4).
1
Suppose 2*h + o - 26 = -2*h, o - 2 = 0. Let v(r) = 12*r - 736. Let t(k) = -3*k + 177. Let i(d) = 25*t(d) + 6*v(d). Calculate i(h).
-9
Let o(d) = -d**3 + d**2 + 2*d + 1. Let t = -108 - -84. Let q = 22 + t. Determine o(q).
9
Let u be -6 + 8 + (-2 - -4). Let k be 2*(-8)/u - 1. Let j(m) = -m**2 + 2*m - 8. Let x(s) = 2*s**2 - 3*s + 15. Let p(n) = -11*j(n) - 6*x(n). What is p(k)?
-7
Let m(j) = 2*j**2 + 2*j - 1. Suppose 0 = -9*d + 5*d + 64. Let g be 1/(-4) - 140/d. Let u be (-1)/(3*(-1)/g). Give m(u).
11
Let p = 0 + 8. Let w(s) = s**2 - 10*s + 8. Determine w(p).
-8
Let v(k) be the second derivative of k**5/20 + k**4/3 + k**3/3 - k**2/2 - 8*k. Calculate v(-2).
3
Let y = 487 + -484. Let s(a) = -a - 2. Determine s(y).
-5
Let v(u) = -u**2 + 803*u - 805*u + 0*u**2 - 3. Calculate v(-4).
-11
Let f(u) = -u + 16. Suppose -3*i = -2*a + 39, -5*i - 55 = -2*a - 6. What is f(a)?
4
Let j(b) = 26 + b - 10 - 8 - 10. Determine j(-6).
-8
Let d(l) be the first derivative of -l**4/4 - l**3/3 - l**2/2 + l - 1. Let b(r) be the second derivative of -r**3/3 + 7*r**2 - 6*r. Let x be b(7). Give d(x).
1
Let u(d) be the third derivative of -d**6/120 + d**5/10 + 5*d**4/12 - 2*d**3/3 + 529*d**2. What is u(7)?
17
Let w(z) = -z**2 - 4*z**2 - 2 + 5*z - 3*z**2 + 7*z**2. Let r be 1/2 - (-7)/2. Determine w(r).
2
Let r(b) = 4*b - 4 - 10*b - 2*b + 0*b + b**3 + 6*b**2. What is r(-7)?
3
Let s(b) = 18 + 24 + 22 - 64 - 8*b. Determine s(1).
-8
Let q(w) = -2*w**3 + w**2 - 15*w + 1. Let h(u) = u**3 + 8*u. Let z(d) = 7*h(d) + 4*q(d). Let c = -2945 + 2948. Determine z(c).
1
Let x(c) = 0*c + c**2 - 2 + 0*c - 7*c + 4*c**3 + 9*c. Give x(1).